+ u**3. Let d be q(-7). Calculate the greatest common divisor of 10 and d.
10
Let y = -11 - -16. Let n = y - 8. Let c be (0 - n)/((-3)/(-4)). What is the greatest common divisor of c and 36?
4
Let l(q) = 34*q + 29*q - 15 + 13. Let m be l(3). What is the highest common divisor of 17 and m?
17
Let j(k) = 3*k**2 - k - 2. Let z be j(-2). Suppose 4*q + l = 2*l - 3, -2*l = -2*q. Let d = q + 31. What is the greatest common factor of z and d?
6
Let d(r) be the third derivative of r**4/8 - 5*r**3/6 + 6*r**2. Let l be d(3). What is the highest common factor of l and 10?
2
Suppose 3*m + 3 = 6, i + m - 41 = 0. Suppose -3*y + 23 = -0*w + 5*w, -4*w + 3*y = -i. What is the highest common factor of w and 35?
7
Let z be (-2)/(-7) + 6 + (-141)/(-21). Calculate the greatest common factor of z and 26.
13
Let d = 90 + -64. What is the highest common factor of d and 39?
13
Let k(g) = g**3 + g**2 + 18. Suppose 8*n = 4*n. Let r be k(n). What is the highest common divisor of 162 and r?
18
Suppose -4*t + 8 - 88 = 0. Suppose -77 = -4*a + 115. Let p = a + t. Calculate the greatest common divisor of p and 42.
14
Let v be (6/7)/(3/21). Let w(f) = -6*f**2 + 2 + 0*f**3 - 6*f - 1 - f**3. Let a be w(-5). Calculate the highest common factor of a and v.
6
Suppose 4*x = -u + 48, 0*x + 12 = 4*x. Suppose 8 = -4*q - 4*a, 2*q + 2*q = 5*a + 10. Suppose -24 = -2*v - q*v. What is the greatest common factor of v and u?
12
Let b(o) = o**2 + 5*o + 1. Let z be b(-13). Calculate the greatest common factor of z and 35.
35
Suppose 3*u + 0*i = -i - 14, -4*i - 32 = 4*u. Let b be 10/u*(-135)/6. Calculate the highest common factor of 15 and b.
15
Suppose 1 - 10 = 3*o, 3*h = 5*o + 21. Calculate the highest common divisor of h and 6.
2
Let j(b) = -28*b**2 - 9*b - 7. Let n(s) = 14*s**2 + 5*s + 4. Let x(m) = -3*j(m) - 5*n(m). Let q be x(-1). What is the highest common factor of q and 104?
13
Let o be 17 - (-12)/(-8)*-2. What is the highest common factor of o and 2?
2
Suppose 3*r + 0*r + 31 = 5*f, -5*f + 19 = 3*r. Suppose 12 = 2*p + 4. Suppose -f = -p*w + 11. Calculate the highest common divisor of 36 and w.
4
Let y = -3 + 56. Let u = y + 24. Let o = u + -39. Calculate the greatest common factor of 95 and o.
19
Let j be -6 + 8 + (23 - -1). Let r = j - 14. Calculate the highest common factor of r and 8.
4
Let y be (8/3)/((-8)/(-12)). Suppose -5*g - 35 = -5*m, -m - y*g = -3*m + 14. Calculate the greatest common divisor of 7 and m.
7
Suppose 10*s = 5*s + 25. Suppose f - s = 9. Suppose 5*m + 5*b = 70, -15 = -m - 2*b - 1. Calculate the greatest common factor of f and m.
14
Let o = -4 + -2. Let q = o + 10. Let a = 1 + q. Calculate the greatest common factor of a and 40.
5
Suppose -5*w - 270 = -675. Suppose -l = -4 - w. Calculate the highest common factor of 17 and l.
17
Let h = 7 + -9. Let m = h - -10. Let u = -12 + 20. What is the highest common factor of u and m?
8
Let f(m) = m**2 - 6*m - 9. Let r be f(9). Suppose -6*s + r = -4*s. What is the highest common factor of 1 and s?
1
Let s be 0/(-2) + 25 + 2. Let z(f) = -f**3 + 11*f**2 + 16*f + 6. Let v be z(12). Calculate the greatest common divisor of s and v.
27
Let h be 1 + 179 + (-3 - 1). Calculate the highest common factor of h and 16.
16
Let c be (-215)/(-45) + 4 - 2/(-9). Suppose -p + 72 = p. What is the greatest common divisor of p and c?
9
Let y(b) = b**3 + 14*b**2 + 24*b + 8. Let w be y(-12). What is the greatest common divisor of 136 and w?
8
Let v be 4/(-1*1/(-4)). Suppose 12*t - 540 = 7*t. Suppose 0*d + 3*g + t = 4*d, 8 = -2*g. Calculate the highest common divisor of v and d.
8
Suppose 0*o = -3*o. Let n(a) = a**3 + a**2 - a + 6. Let h be n(o). Calculate the greatest common factor of 3 and h.
3
Let o be ((-5)/(-3))/((-2)/(-6)). Calculate the highest common divisor of 25 and o.
5
Suppose -3*s + 2*s = -1. Let o be s*(-6)/9*3. Let g be ((-4)/(-5) + o)*-5. What is the highest common factor of 15 and g?
3
Suppose 0*k - 77 = -k. Suppose 2*o + 76 = -0*o. Let r = o + k. Calculate the greatest common factor of 13 and r.
13
Suppose -2*q = -0*q + f - 38, -30 = -2*q + f. What is the highest common divisor of 136 and q?
17
Let a = 5 - 3. Suppose -a*o - 27 = -5*o. Let k = 19 + -18. Calculate the greatest common factor of k and o.
1
Let p(m) = -2*m - 1. Let g be p(-1). Suppose 0 = y + t - 8, 4*t + 4 - g = 3*y. Calculate the greatest common divisor of y and 35.
5
Let r be (6 - 6)/(2/1). Suppose -2*h - 5*u + 140 + 35 = 0, -2*h - 2*u + 166 = r. What is the greatest common factor of 20 and h?
20
Suppose -3*p = 2*p - 190. Calculate the highest common factor of p and 57.
19
Suppose -2*x - 88 - 64 = -4*b, 0 = 4*b + x - 146. Let h = 151 - 3. Calculate the greatest common factor of b and h.
37
Let a = 55 - 153. Let j = -10 - a. Suppose -4*b = -19 - 13. What is the highest common divisor of j and b?
8
Let z = -48 - -54. Suppose 3*l = b + 15, 2*l - 15 = -3*l + 5*b. What is the greatest common divisor of z and l?
6
Let x be 380/(-15) + (-1)/(-3). Let y = x + 35. What is the highest common divisor of 80 and y?
10
Let j(d) = -d**2 + 6*d - 6. Let k be j(4). Suppose 4 = k*w, -4*z = -6*z + 4*w + 76. Suppose u + 14 = z. What is the greatest common divisor of u and 42?
14
Let m be 20/8*3*-2. Let r = 16 + m. Let n be (-9)/(-6)*32/6. Calculate the greatest common divisor of n and r.
1
Let s(r) = -r - 1. Let f(u) = 18*u - 1. Let j(t) = -f(t) - 2*s(t). Let b be j(4). Let m = -37 - b. What is the highest common divisor of m and 8?
8
Let b(i) = -i**3 + 16*i**2 + 24*i + 6. Let y be b(17). Calculate the greatest common divisor of y and 25.
25
Let v(x) = 9*x. Let a be v(1). Let s = 18 - a. Let w be -2 + 1 + (-10)/(-1). Calculate the highest common factor of s and w.
9
Suppose -29 = -k - 5. Suppose -3*f + 6*f = 2*i + 36, -2*f + 24 = -5*i. Calculate the highest common factor of f and k.
12
Let q be 10/45 - (-22)/(-18). Let f be q + (1*6 - 0). Let i(l) = -4*l**3 - 3*l**2 - 2*l + 1. Let v be i(-2). Calculate the greatest common factor of f and v.
5
Suppose -3*g + 35 = 2. Suppose 0 = 4*o - 9*o + 165. What is the highest common divisor of o and g?
11
Let x = 396 + -276. Calculate the greatest common factor of 15 and x.
15
Suppose -5 = -3*n - 2*n. Let j be (12/18)/(n/9). What is the greatest common divisor of 30 and j?
6
Suppose -4*f - 32 = -d, -2*d - f + 55 = -0*f. Suppose 3*q = 4*q + 15. Let o = q + d. Calculate the greatest common factor of o and 117.
13
Let a be ((-3)/6)/((-1)/4). Suppose 2*x + 0*m + a*m = 320, -5*x - 3*m + 810 = 0. What is the highest common factor of 15 and x?
15
Suppose 0 = 4*b - 3*w + 7 + 15, -b - 3*w = -2. Let o be (-84)/2*(-2)/b. Let r be o/(-3) + 1/1. What is the greatest common divisor of r and 2?
2
Let l = 8 - 6. Suppose 2 = l*r - 0*r. Suppose -g + r = -3. Calculate the highest common divisor of 16 and g.
4
Let n be 1 + 5/((-10)/(-4)). Let h be (1/n)/((-5)/15). Let j be -1 + (16 - (h + -2)). Calculate the highest common factor of 18 and j.
18
Let n(i) = 8*i**2 + 3*i. Let r be n(-3). Let o be -3*(-8)/24 + 6. Calculate the highest common divisor of o and r.
7
Let r be (-14)/(-8)*(448/7)/8. Calculate the greatest common divisor of 14 and r.
14
Let b(g) = -g - 12. Let p be b(-13). What is the highest common factor of 9 and p?
1
Let y be (-72)/(-27)*(405/6)/5. What is the greatest common divisor of 90 and y?
18
Let l(q) = 3*q - 42. Let v be l(19). Calculate the highest common divisor of 30 and v.
15
Suppose 1 = -g, 0*a + a = -3*g + 13. Let f be (-28)/(-6) - (-1)/3. Suppose 5*u = f, 1 = -h + 3*u - 0. What is the greatest common factor of a and h?
2
Let y be -2 + -1 + (-63)/(-1). What is the highest common factor of y and 12?
12
Let i(k) = -k**3 + k**2 - 2*k + 32. Let g be i(0). Calculate the highest common divisor of g and 8.
8
Let a be 9*(3 - 12/(-9)). Let l = a - 24. What is the highest common divisor of 6 and l?
3
Suppose 0 = -2*x + 116 + 64. Suppose -3*d + 25 = -o - 4*o, 0 = 5*d - 2*o - 48. Calculate the greatest common factor of d and x.
10
Let l(x) = x**3 - 4*x**2 + x + 3. Let m be l(4). Calculate the highest common divisor of m and 49.
7
Suppose -38*v = -35*v - 39. What is the highest common divisor of v and 156?
13
Suppose o - 2*q - 320 = q, 3*o = 3*q + 936. Calculate the greatest common factor of o and 28.
28
Suppose g = -3*g + 80. Let f(y) = -3 + 1 - y**3 - 3 